81 a composite number?
True
Is 6778151789 prime?
False
Is 12814129639 a prime number?
False
Is 6932477029 composite?
True
Is 226424851 a composite number?
True
Is 292323157 a composite number?
True
Is 89038767479 prime?
True
Is 7468468963 a composite number?
True
Is 43011811721 prime?
True
Is 500823331 composite?
False
Is 122644871 prime?
False
Is 30220549967 a prime number?
False
Is 2116829719 prime?
False
Is 38494500591 a composite number?
True
Is 3785361655 a composite number?
True
Is 1103807137 composite?
False
Is 653285902 composite?
True
Is 1867808447 a composite number?
True
Is 12808033391 composite?
True
Is 49150513 a prime number?
False
Is 151289447 a prime number?
True
Is 21558748819 a composite number?
True
Is 3333172181 prime?
True
Is 35441129447 a composite number?
False
Is 3824417543 a composite number?
True
Is 158004491 a composite number?
False
Is 702020569 a composite number?
True
Is 2521309169 a prime number?
True
Is 31363426441 prime?
False
Is 3973675379 composite?
True
Is 692020531 a prime number?
True
Is 1613679943 composite?
False
Is 47508397439 composite?
True
Is 1128236719 a prime number?
True
Is 2380006969 composite?
True
Is 3305301235 prime?
False
Is 20597127709 composite?
True
Is 1611889411 a composite number?
True
Is 24303190393 a composite number?
True
Is 1357134661 prime?
False
Is 1099584067 composite?
True
Is 502416067 composite?
False
Is 8662028443 a composite number?
True
Is 751960973 a prime number?
True
Is 1362585857 a composite number?
False
Is 3269539877 prime?
True
Is 1422747043 a prime number?
True
Is 13235703893 composite?
True
Is 720842333 prime?
False
Is 22693499 composite?
False
Is 670811114 composite?
True
Is 3561384989 a prime number?
True
Is 1635459457 a composite number?
False
Is 305030387 prime?
True
Is 12986672357 composite?
False
Is 3815071037 composite?
False
Is 11254217839 a prime number?
True
Is 145622339 a prime number?
True
Is 6385827647 a prime number?
False
Is 3949965823 a prime number?
True
Is 1771629457 prime?
False
Is 8568236353 a prime number?
False
Is 231115304749 composite?
True
Is 10387643869 a prime number?
True
Is 24366019237 composite?
True
Is 163334461 composite?
True
Is 14543862857 a prime number?
True
Is 7157056117 a prime number?
False
Is 374955839 prime?
True
Is 75320847022 a composite number?
True
Is 31150877206 prime?
False
Is 85888896437 composite?
False
Is 105985457 a composite number?
False
Is 14791426157 a prime number?
True
Is 39050061007 a composite number?
False
Is 9377016973 a composite number?
False
Is 6933512639 composite?
False
Is 216462045223 a composite number?
True
Is 156159344573 a prime number?
True
Is 1080171847 composite?
True
Is 48289068887 a prime number?
True
Is 55716140785 a prime number?
False
Is 2369357693 prime?
False
Is 810817453 a prime number?
True
Is 1114229167 prime?
False
Is 18779398193 composite?
True
Is 48700627121 a prime number?
False
Is 318614557 prime?
True
Is 482900101 a composite number?
True
Is 86132142853 composite?
False
Is 12076045801 composite?
False
Is 3767520853 composite?
False
Is 5273006023 composite?
True
Is 1001424563 prime?
False
Is 58647286519 prime?
True
Is 7416483211 composite?
True
Is 19385083087 a composite number?
True
Is 292046399 a prime number?
True
Is 3492187339 composite?
False
Is 7971137059 a composite number?
False
Is 10897700069 composite?
True
Is 14547066091 a composite number?
True
Is 1064487653 a composite number?
False
Is 2280552719 a prime number?
True
Is 9865074931 composite?
False
Is 24424032517 composite?
False
Is 60649774567 prime?
False
Is 72387253679 composite?
True
Is 6379582927 composite?
False
Is 4109764931 prime?
False
Is 4058164549 a prime number?
True
Is 29300748397 a composite number?
True
Is 28913479687 a composite number?
True
Is 52783269767 a prime number?
True
Is 6048341714 prime?
False
Is 804329969 prime?
True
Is 7622728951 prime?
True
Is 58705936787 a composite number?
True
Is 8402969851 composite?
False
Is 41962339531 a prime number?
False
Is 51870517973 a composite number?
False
Is 3080336747 composite?
False
Is 2102146647 a composite number?
True
Is 15567166231 composite?
False
Is 728311118 a prime number?
False
Is 597783077 composite?
False
Is 399146536673 prime?
True
Is 10534438973 prime?
False
Is 58295509329 a prime number?
False
Is 104802193 a composite number?
False
Is 471792613 prime?
False
Is 232621967 composite?
False
Is 262973519 a prime number?
True
Is 423019489 a prime number?
True
Is 2132295247 prime?
False
Is 9862212733 composite?
False
Is 535157599 composite?
False
Is 1147240694 composite?
True
Is 1084747453 prime?
False
Is 1165256713 a prime number?
True
Is 1558766621 composite?
False
Is 4760460917 prime?
True
Is 820976003 composite?
True
Is 34180632637 a prime number?
True
Is 579039311 prime?
True
Is 803540587 prime?
True
Is 4930272091 a prime number?
True
Is 11949631079 a composite number?
True
Is 7438163423 a prime number?
True
Is 13820136797 a prime number?
True
Is 17748094159 a prime number?
True
Is 7953719231 a prime number?
False
Is 181358183 composite?
False
Is 356050829 composite?
True
Is 2101433 a prime number?
True
Is 445097438137 composite?
True
Is 5411285983 a composite number?
False
Is 11452800581 prime?
False
Is 1322046421 prime?
True
Is 668612671 prime?
True
Is 42958987 prime?
False
Is 11515168199 a prime number?
True
Is 197330603 a prime number?
False
Is 353742757 a composite number?
False
Is 8907133667 prime?
True
Is 30157558547 a prime number?
False
Is 132653827 composite?
True
Is 9811171637 prime?
False
Is 190385792281 a composite number?
False
Is 155788909 prime?
False
Is 3383759549 prime?
False
Is 2275412871 composite?
True
Is 10853345483 prime?
True
Is 45730430533 a composite number?
False
Is 21999342787 prime?
True
Is 6761952683 a composite number?
False
Is 4086659783 composite?
True
Is 21259423267 composite?
True
Is 1085012351 a composite number?
True
Is 309301273 prime?
False
Is 11917618541 a prime number?
True
Is 69469115759 a composite number?
False
Is 1474070113 composite?
False
Is 171913405567 a composite number?
True
Is 5039 composite?
False
Is 11104888919 a composite number?
True
Is 917613349 prime?
True
Is 944607487 a prime number?
False
Is 1633077997 a composite number?
False
Is 5703775849 a prime number?
True
Is 32447189 composite?
False
Is 6986661947 composite?
True
Is 3888912691 composite?
True
Is 8822188307 a prime number?
True
Is 607013401 composite?
True
Is 188516231797 a composite number?
False
Is 522525994917 a composite number?
True
Is 2688199387 prime?
True
Is 4662428269 composite?
True
Is 5315396999 a prime number?
False
Is 636897059 a composite number?
False
Is 3436016971 composite?
True
Is 271459997 prime?
True
Is 6050230535 prime?
False
Is 65463383005 a prime number?
False
Is 13320804047 prime?
False
Is 5453050601 composite?
False
Is 27271631977 a prime number?
True
Is 589503137 a prime number?
False
Is 3730422763 a composite number?
True
Is 4058353301 composite?
False
Is 911675307 prime?
False
Is 390988673 a prime number?
True
Is 1763753217 composite?
True
Is 1500835283 a composite number?
False
Is 1307933519 composite?
False
Is 3657777367 prime?
True
Is 11373070271 composite?
True
Is 5504830489 a composite number?
True
Is 714203851 composite?
True
Is 234533333 a prime number?
True
Is 101971039 a composite number?
False
Is 1324067033 a prime number?
False
Is 38566543073 composite?
False
Is 442793893 a prime number?
False
Is 59965067518 a composite number?
True
Is 1678631939 a composite number?
False
Is 2389877807 a composite number?
True
Is 16459426591 a prime number?
True
Is 39343741989 a prime number?
False
Is 18648676651 a prime number?
False
Is 7306319 composite?
False
Is 18007529569 prime?
False
Is 993933167 composite?
False
Is 5213959297 a composite number?
False
Is 77205554633 prime?
False
Is 1990983341 prime?
False
Is 1196432891 a composite number?
False
Is 69435471841 a composite number?
False
Is 13617166441 a composite number?
True
Is 802616611 composite?
False
Is 4310608177 a composite number?
False
Is 591914861 prime?
True
Is 519089999 a composite number?
True
Is 19623675889 a composite number?
True
Is 7612307 composite?
False
Is 2710334071 composite?
False
Is 1529073635 a composite number?
True
Is 37